hat is the hundreds digit of 4995?
9
What is the hundreds digit of 10130?
1
What is the tens digit of 672?
7
What is the hundred thousands digit of 112140?
1
What is the thousands digit of 2078?
2
What is the thousands digit of 1756?
1
What is the hundreds digit of 17903?
9
What is the hundreds digit of 25518?
5
What is the tens digit of 333?
3
What is the tens digit of 1877?
7
What is the tens digit of 1044?
4
What is the thousands digit of 17435?
7
What is the units digit of 5324?
4
What is the units digit of 2904?
4
What is the hundreds digit of 332?
3
What is the hundreds digit of 363?
3
What is the tens digit of 589?
8
What is the tens digit of 342?
4
What is the tens digit of 7329?
2
What is the thousands digit of 65989?
5
What is the units digit of 4752?
2
What is the tens digit of 1328?
2
What is the units digit of 10529?
9
What is the ten thousands digit of 43188?
4
What is the units digit of 434?
4
What is the ten thousands digit of 49347?
4
What is the thousands digit of 5724?
5
What is the units digit of 8609?
9
What is the units digit of 73442?
2
What is the hundreds digit of 25663?
6
What is the thousands digit of 62746?
2
What is the tens digit of 496?
9
What is the tens digit of 40913?
1
What is the tens digit of 45540?
4
What is the hundreds digit of 45358?
3
What is the tens digit of 7464?
6
What is the hundreds digit of 2225?
2
What is the tens digit of 2453?
5
What is the hundreds digit of 62225?
2
What is the thousands digit of 7320?
7
What is the tens digit of 1821?
2
What is the hundreds digit of 183?
1
What is the units digit of 41806?
6
What is the hundreds digit of 919?
9
What is the tens digit of 588?
8
What is the hundreds digit of 1389?
3
What is the thousands digit of 16309?
6
What is the thousands digit of 2416?
2
What is the thousands digit of 1548?
1
What is the units digit of 3307?
7
What is the units digit of 5254?
4
What is the thousands digit of 59663?
9
What is the tens digit of 6469?
6
What is the hundreds digit of 7092?
0
What is the tens digit of 1515?
1
What is the thousands digit of 3422?
3
What is the hundreds digit of 3646?
6
What is the tens digit of 211?
1
What is the thousands digit of 3833?
3
What is the units digit of 595?
5
What is the tens digit of 1719?
1
What is the units digit of 41?
1
What is the ten thousands digit of 64540?
6
What is the units digit of 1590?
0
What is the thousands digit of 1036?
1
What is the thousands digit of 22448?
2
What is the ten thousands digit of 15210?
1
What is the ten thousands digit of 13021?
1
What is the tens digit of 7663?
6
What is the tens digit of 7227?
2
What is the thousands digit of 2604?
2
What is the units digit of 22331?
1
What is the units digit of 10539?
9
What is the units digit of 6584?
4
What is the tens digit of 835?
3
What is the thousands digit of 2652?
2
What is the tens digit of 3054?
5
What is the tens digit of 176152?
5
What is the hundred thousands digit of 102508?
1
What is the hundreds digit of 1700?
7
What is the thousands digit of 46635?
6
What is the units digit of 851?
1
What is the tens digit of 421?
2
What is the thousands digit of 1421?
1
What is the hundreds digit of 785?
7
What is the thousands digit of 9843?
9
What is the thousands digit of 58442?
8
What is the hundreds digit of 268?
2
What is the hundreds digit of 4506?
5
What is the tens digit of 6071?
7
What is the tens digit of 3408?
0
What is the units digit of 36?
6
What is the hundreds digit of 8881?
8
What is the thousands digit of 21533?
1
What is the units digit of 8979?
9
What is the units digit of 8?
8
What is the tens digit of 90031?
3
What is the thousands digit of 53608?
3
What is the tens digit of 15391?
9
What is the ten thousands digit of 44467?
4
What is the hundreds digit of 39718?
7
What is the units digit of 649?
9
What is the units digit of 880?
0
What is the units digit of 996?
6
What is the tens digit of 1253?
5
What is the hundreds digit of 177404?
4
What is the ten thousands digit of 52761?
5
What is the units digit of 16344?
4
What is the units digit of 19776?
6
What is the hundreds digit of 37686?
6
What is the ten thousands digit of 14081?
1
What is the tens digit of 58754?
5
What is the thousands digit of 10438?
0
What is the thousands digit of 53790?
3
What is the tens digit of 5091?
9
What is the units digit of 109?
9
What is the hundreds digit of 4988?
9
What is the units digit of 4300?
0
What is the ten thousands digit of 19421?
1
What is the tens digit of 1380?
8
What is the units digit of 780?
0
What is the hundreds digit of 271?
2
What is the hundreds digit of 50291?
2
What is the hundreds digit of 418?
4
What is the thousands digit of 44668?
4
What is the tens digit of 39531?
3
What is the tens digit of 1464?
6
What is the hundred thousands digit of 114942?
1
What is the tens digit of 12658?
5
What is the tens digit of 1156?
5
What is the thousands digit of 1604?
1
What is the tens digit of 1178?
7
What is the tens digit of 22674?
7
What is the thousands digit of 11902?
1
What is the units digit of 5795?
5
What is the hundreds digit of 2897?
8
What is the units digit of 82?
2
What is the ten thousands digit of 13781?
1
What is the units digit of 959?
9
What is the hundreds digit of 2448?
4
What is the ten thousands digit of 15603?
1
What is the ten thousands digit of 101751?
0
What is the thousands digit of 9410?
9
What is the tens digit of 423?
2
What is the units digit of 7971?
1
What is the thousands digit of 66040?
6
What is the thousands digit of 5177?
5
What is the thousands digit of 3141?
3
What is the tens digit of 846?
4
What is the thousands digit of 124413?
4
What is the hundreds digit of 3385?
3
What is the thousands digit of 6748?
6
What is the hundreds digit of 1226?
2
What is the hundreds digit of 66631?
6
What is the hundreds digit of 174854?
8
What is the units digit of 2808?
8
What is the tens digit of 18612?
1
What is the units digit of 5584?
4
What is the hundred thousands digit of 116870?
1
What is the hundreds digit of 3672?
6
What is the tens digit of 5082?
8
What is the tens digit of 12496?
9
What is the units digit of 862?
2
What is the thousands digit of 1235?
1
What is the thousands digit of 16990?
6
What is the thousands digit of 9418?
9
What is the units digit of 965?
5
What is the hundreds digit of 34496?
4
What is the hundreds digit of 5156?
1
What is the thousands digit of 12788?
2
What is the tens digit of 14918?
1
What is the units digit of 7365?
5
What is the hundreds digit of 4404?
4
What is the ten thousands digit of 126447?
2
What is the units digit of 30259?
9
What is the thousands digit of 2209?
2
What is the tens digit of 52?
5
What is the hundreds digit of 45192?
1
What is the thousands digit of 8012?
8
What is the units digit of 1876?
6
What is the tens digit of 5453?
5
What is the hundreds digit of 4989?
9
What is the hundreds digit of 310?
3
What is the hundreds digit of 1273?
2
What is the ten thousands digit of 25551?
2
What is the thousands digit of 4067?
4
What is the units digit of 12505?
5
What is the thousands digit of 30448?
0
What is the tens digit of 63518?
1
What is the tens digit of 2063?
6
What is the units digit of 1931?
1
What is the tens digit of 12219?
1
What is the ten thousands digit of 46550?
4
What is the units digit of 751?
1
What is the thousands digit of 1371?
1
What is the thousands digit of 23563?
3
What is the units digit of 594?
4
What is the units digit of 3373?
3
What is the thousands digit of 1177?
1
What is the units digit of 1073?
3
What is the units digit of 6750?
0
What is the units digit of 55217?
7
What is the tens digit of 443?
4
What is the units digit of 416?
6
What is the thousands digit of 1864?
1
What is the tens digit of 41258?
5
What is the units digit of 1305?
5
What is the tens digit of 8970?
7
What is the units digit of 2822?
2
What is the units digit of 5706?
6
What is the thousands digit of 1773?
1
What is the units digit of 643?
3
What is the thousands digit of 12648?
2
What is the tens digit of 8603?
0
What is the tens digit of 1285?
8
What is the tens digit of 17384?
8
What is the units digit of 5520?
0
What is the thousands digit of 8442?
8
What is the units digit of 12265?
5
What is the thousands digit of 5365?
5
What is the ten 